{"id":8733,"date":"2025-04-25T21:11:44","date_gmt":"2025-04-25T19:11:44","guid":{"rendered":"https:\/\/fritzschumacher.de\/gesellschaft\/?page_id=8733"},"modified":"2025-04-26T17:01:45","modified_gmt":"2025-04-26T15:01:45","slug":"lehrmaterialien","status":"publish","type":"page","link":"http:\/\/fritzschumacher.de\/gesellschaft\/fritzschumacher\/lehrmaterialien\/","title":{"rendered":"Lehrmaterialien"},"content":{"rendered":"<div class=\"wpb-content-wrapper\"><p>[vc_row][vc_column width=&#8220;1\/2&#8243;][vc_column_text css=&#8220;&#8220;]<\/p>\n<h1>Unterrichtsmaterialien<br \/>\nzu Fritz Schumacher<\/h1>\n<p>Fritz Schumacher hat f\u00fcr Hamburg nicht nur die Davidwache, das Tropeninstitut, die Jarrestadt und vieles mehr sondern auch \u00fcber 30 Schulbauten geplant. Ein Gro\u00dfteil dieser Geb\u00e4ude wird heute noch als Schule genutzt.<\/p>\n<p>Die Fritz-Schumacher-Gesellschaft e.V. hat f\u00fcr den Kunstunterricht der 5.-7. Klassen in diesen Schulen multimediale Unterrichtsmaterialien und -konzepte entwickelt, mit denen die Sch\u00fcler*innen ihr Schulgeb\u00e4ude, dessen Umfeld und vielf\u00e4ltige Bez\u00fcge in die Stadt kennenlernen k\u00f6nnen.<\/p>\n<p>Im Sinne eines forschenden und experimentierenden Lernens k\u00f6nnen die Sch\u00fcler*innen so anschaulich Einblick in einen bis heute relevanten Teil Hamburger Architektur- und Stadtgeschichte erhalten und gleichzeitig vielf\u00e4ltige Ausdrucks und Darstellungsformen kennenlernen.<\/p>\n<p>\u00dcber f\u00fcnf Fragestellungen werden Inhalte zu Schumachers Biographie, seinem Werk und seinem Einfluss auf die st\u00e4dtebauliche Gestalt Hamburgs sowie \u00fcbergeordnete Themen von Architektur, Schul- und Stadtraum behandelt.<br \/>\nHier stehen die Kapitel zum Download bereit:<\/p>\n<p><strong><a class=\"\" href=\"http:\/\/fritzschumacher.de\/gesellschaft\/wp-content\/uploads\/Wer-war-Fritz-Schumacher.pdf\">Kap. 1: Wer war Fritz Schumacher<\/a>?<\/strong><\/p>\n<p><strong><a class=\"\" href=\"http:\/\/fritzschumacher.de\/gesellschaft\/wp-content\/uploads\/Wie-war-Schule-zu-Fritz-Schumachers-Zeit.pdf\">Kap. 2: Wie war Schule zu Fritz Schumachers Zeit<\/a>?<\/strong><\/p>\n<p><strong><a class=\"\" href=\"http:\/\/fritzschumacher.de\/gesellschaft\/wp-content\/uploads\/Was-macht-unsere-Schule-besonders.pdf\">Kap. 3: Was macht unsere Schule besonders<\/a>?<\/strong><\/p>\n<p><strong><a class=\"\" href=\"http:\/\/fritzschumacher.de\/gesellschaft\/wp-content\/uploads\/Was-hat-unsere-Schule-mit-der-Stadt-zu-tun.pdf\">Kap. 4: Was hat unsere Schule mit der Stadt zu tun<\/a>?<\/strong><\/p>\n<p><strong><a class=\"\" href=\"http:\/\/fritzschumacher.de\/gesellschaft\/wp-content\/uploads\/Was-hat-die-gebaute-Welt-mit-mir-zu-tun.pdf\">Kap. 5: Was hat die gebaute Welt mit mir zu tun<\/a><\/strong><\/p>\n<p>Erg\u00e4nzend zu den Projektbl\u00e4ttern wurde ein Film produziert, der als Auftakt gezeigt werden kann:<\/p>\n<p><a class=\"\" href=\"https:\/\/www.youtube.com\/watch?v=zdFn4QA7uf0\" target=\"_blank\" rel=\"noopener\"><strong>Film \u201eSpuren \u2013 Fritz Schumacher und Hamburg\u201c\u00a0<\/strong><\/a>[\/vc_column_text][vc_column_text css=&#8220;&#8220;]Wir danken SBH|Schulbau Hamburg f\u00fcr die Kooperation und Unterst\u00fctzung![\/vc_column_text][vc_single_image image=&#8220;8814&#8243; img_size=&#8220;full&#8220; onclick=&#8220;custom_link&#8220; css=&#8220;&#8220; link=&#8220;https:\/\/www.youtube.com\/watch?v=zdFn4QA7uf0&#8243;][vc_single_image image=&#8220;8775&#8243; img_size=&#8220;large&#8220; onclick=&#8220;custom_link&#8220; css=&#8220;&#8220; link=&#8220;https:\/\/www.youtube.com\/watch?v=zdFn4QA7uf0&#8243;][vc_column_text css=&#8220;&#8220;]<\/p>\n<h1>Tipps und Links<\/h1>\n<p>Im Werkkatalog der Fritz-Schumacher-Gesellschaft findet man Informationen und weiterf\u00fchrende Links zu den Schumacher Schulen.<br \/>\n<a class=\"\" href=\"https:\/\/fritzschumacher.de\/gesellschaft\/werkkatalogkategorie\/schulbauten\/\"><strong>Werkkatalog<\/strong><\/a><\/p>\n<p>Ein Gro\u00dfteil der Texte von Schumacher steht im Literaturverzeichnis der Fritz-Schumacher-Gesellschaft als Volltext online zur Verf\u00fcgung.<br \/>\n<strong><a href=\"https:\/\/fritzschumacher.de\/gesellschaft\/literaturverzeichnis\/\" target=\"_blank\" rel=\"noopener\">Literaturverzeichnis<\/a><\/strong><\/p>\n<p>Historische Pl\u00e4ne zu vielen der Hamburger Schulen befinden sich im Staatsarchiv.<br \/>\nDie Pl\u00e4ne k\u00f6nnen online recherchiert und zur Ansicht \/ zum Fotografieren in die Plankammer des Staatsarchivs bestellt werden. \u00dcber diesen Pfad in der Online Recherche sind die Pl\u00e4ne zu fnden:<br \/>\n&gt;Archivplansuche<br \/>\n&gt;Staatsarchiv Hamburg<br \/>\n&gt;Sonderbest\u00e4nde<br \/>\n&gt;Karten und Bilder<br \/>\n&gt;Plankammer<br \/>\n&gt;Bestandsgebundenes Plankammergut<br \/>\n&gt;Vereinigungen, Firmen, Familien<br \/>\n&gt;Firmen und Familienarchive<br \/>\n&gt;Bauarchive<br \/>\n&gt;Schumacher, Fritz<br \/>\n<strong><a class=\"\" href=\"https:\/\/recherche.staatsarchiv.hamburg.de\/ScopeQuery5.2\/archivplansuche.aspx\" target=\"_blank\" rel=\"noopener\">Online Recherche<\/a><\/strong><\/p>\n<p>[\/vc_column_text][\/vc_column][vc_column width=&#8220;1\/2&#8243;][vc_single_image image=&#8220;8762&#8243; img_size=&#8220;full&#8220; css=&#8220;&#8220;][\/vc_column][\/vc_row][vc_row][vc_column width=&#8220;1\/2&#8243;][vc_column_text css=&#8220;&#8220;][\/vc_column_text][\/vc_column][vc_column width=&#8220;1\/2&#8243;][\/vc_column][\/vc_row]<\/p>\n<\/div>","protected":false},"excerpt":{"rendered":"<p>[vc_row][vc_column width=&#8220;1\/2&#8243;][vc_column_text css=&#8220;&#8220;] Unterrichtsmaterialien zu Fritz Schumacher Fritz Schumacher hat f\u00fcr Hamburg nicht nur die Davidwache, das Tropeninstitut, die Jarrestadt und vieles mehr sondern auch \u00fcber 30 Schulbauten geplant. Ein Gro\u00dfteil dieser Geb\u00e4ude wird heute noch als Schule genutzt. Die Fritz-Schumacher-Gesellschaft e.V. hat f\u00fcr den Kunstunterricht der 5.-7. Klassen in diesen Schulen multimediale Unterrichtsmaterialien und&hellip;<\/p>\n","protected":false},"author":8,"featured_media":8762,"parent":6,"menu_order":0,"comment_status":"closed","ping_status":"closed","template":"","meta":{"_acf_changed":false,"footnotes":""},"class_list":["post-8733","page","type-page","status-publish","has-post-thumbnail","hentry"],"acf":[],"_links":{"self":[{"href":"http:\/\/fritzschumacher.de\/gesellschaft\/wp-json\/wp\/v2\/pages\/8733","targetHints":{"allow":["GET"]}}],"collection":[{"href":"http:\/\/fritzschumacher.de\/gesellschaft\/wp-json\/wp\/v2\/pages"}],"about":[{"href":"http:\/\/fritzschumacher.de\/gesellschaft\/wp-json\/wp\/v2\/types\/page"}],"author":[{"embeddable":true,"href":"http:\/\/fritzschumacher.de\/gesellschaft\/wp-json\/wp\/v2\/users\/8"}],"replies":[{"embeddable":true,"href":"http:\/\/fritzschumacher.de\/gesellschaft\/wp-json\/wp\/v2\/comments?post=8733"}],"version-history":[{"count":39,"href":"http:\/\/fritzschumacher.de\/gesellschaft\/wp-json\/wp\/v2\/pages\/8733\/revisions"}],"predecessor-version":[{"id":8815,"href":"http:\/\/fritzschumacher.de\/gesellschaft\/wp-json\/wp\/v2\/pages\/8733\/revisions\/8815"}],"up":[{"embeddable":true,"href":"http:\/\/fritzschumacher.de\/gesellschaft\/wp-json\/wp\/v2\/pages\/6"}],"wp:featuredmedia":[{"embeddable":true,"href":"http:\/\/fritzschumacher.de\/gesellschaft\/wp-json\/wp\/v2\/media\/8762"}],"wp:attachment":[{"href":"http:\/\/fritzschumacher.de\/gesellschaft\/wp-json\/wp\/v2\/media?parent=8733"}],"curies":[{"name":"wp","href":"https:\/\/api.w.org\/{rel}","templated":true}]}}